= -k*u - w + 12, w + 27 = 4*u. List the prime factors of u.
2, 3
Let l(w) = 0*w - 1 - 2*w - 3*w - 8. What are the prime factors of l(-8)?
31
Let b be 2/1*(1 - -1). Suppose -2*h + b*t = -h - 16, -3*t - 6 = 0. List the prime factors of h.
2
Let p(s) = -s - 1. Let j be p(-6). Suppose -j*x = -18 - 52. What are the prime factors of x?
2, 7
Let r(v) = -v**3 - v**2 - v + 22. Let d be r(0). Let n = 40 - d. Let u = -9 + n. List the prime factors of u.
3
Let o = -8 + 11. Suppose -2*g + 19 = -o*i, 0 = 2*g + g + 4*i - 71. What are the prime factors of g?
17
Let g(t) = 59*t + 9. Let z be g(5). Suppose -y - 4*y = -4*n - z, -3*n + 117 = 2*y. List the prime factors of y.
2, 3, 5
Suppose 6 + 10 = 4*r. Suppose -13 = -4*g + h - r, 15 = 5*h. List the prime factors of ((-9)/(-6))/g*14.
7
Suppose 0 = 6*w - 3*w - 105. What are the prime factors of w?
5, 7
Suppose 43 = 4*r + 3. List the prime factors of r.
2, 5
Let v(m) = -11*m - 14. List the prime factors of v(-9).
5, 17
Let p = 205 - 122. List the prime factors of p.
83
Suppose z - 4*d + 7 = 0, -3*z + d = -1 - 0. Suppose 4 - z = n. Suppose -n*c = -26 - 1. List the prime factors of c.
3
Suppose 5*k + 0 = 60. Suppose 0 = -4*l + k. Suppose -l*w - 2*w = -70. What are the prime factors of w?
2, 7
Suppose -3*f + 6*f = 5*r - 47, 5*f + 95 = 5*r. List the prime factors of (-328)/f - 4/6.
13
Let j be (-34)/6 + 3/(-9). Let q be (-4)/j - (-4)/(-6). Suppose q = -3*b - 0*b + 2*f + 10, -3*b = -3*f - 6. What are the prime factors of b?
2, 3
Suppose -15 = -4*j - 3*f, 0 = -5*j + 3*f - f + 13. Suppose -j*a - a = -20. List the prime factors of a.
5
Suppose 5*o + 250 = 5*c, -c - 6 = 5*o - 26. Suppose c = r + 2*r. List the prime factors of r.
3, 5
Suppose -4*k - h + 30 = 0, 0 - 13 = -3*k + 4*h. Let m be (-1 + 0)*(-6 - -10). Let c = m + k. What are the prime factors of c?
3
Suppose 0 = 4*l + f + 12, 2*l - 4*l - 4*f + 8 = 0. Let b = l - -7. Suppose -c = -b*c + 20. List the prime factors of c.
2, 5
Let a(f) = 2*f - 12. Let d be a(8). Suppose g = -d - 5. Let q = -5 - g. List the prime factors of q.
2
Let l = -9 - -13. Suppose -l*u + 47 = -29. What are the prime factors of u?
19
Let f be (-2)/(-6) - 24/(-9). Suppose -f*g + 4*g = 0. Suppose -3*u + g*u = -48. List the prime factors of u.
2
Let o be ((-86)/(-3))/(2/3). Suppose -6*w = -8*w + 8. Suppose w*g + 5*b = o, b + 0*b + 4 = g. What are the prime factors of g?
7
What are the prime factors of ((-632)/24)/((-3)/9)?
79
Let u(a) = a**2 - a + 2. Let y be u(4). Suppose -4*j = -j + 27. Let o = j + y. List the prime factors of o.
5
Suppose -75 = -4*b + 61. List the prime factors of b.
2, 17
Let f = -21 - -35. Suppose -57 = -5*s - 3*b, 0 = -0*s + s - 2*b - f. List the prime factors of (-18)/s*56/(-6).
2, 7
Suppose 25*d = 21*d + 188. List the prime factors of d.
47
Let i = 10 + -1. List the prime factors of i.
3
Let n be 5 - (-2 + 2 - 0). Suppose 2*p - 4*a + n = 31, a = -5*p + 32. What are the prime factors of p?
7
Let q(v) = v**2 - 10*v + 11. List the prime factors of q(10).
11
Suppose -d - 3*p + 17 = 0, 4*d = 8*d - 3*p - 23. What are the prime factors of d?
2
Let b be -2*(-2)/(-4) - 6. What are the prime factors of 4/(-14) + (-58)/b?
2
Suppose z - 25 + 4 = -4*k, 3*z = -3*k + 54. Let o = z + -6. What are the prime factors of o?
11
Let l(t) = 2*t**2 - 13*t + 11. What are the prime factors of l(8)?
5, 7
Let f(a) = 9*a**2 - a + 2. Let x be f(2). Let s = x + -22. What are the prime factors of s?
2, 7
Suppose 2*n - 1 = -9. Let l(i) = -i**3 - 2*i**2 - 4*i + 1. Let h be l(n). Let k = -34 + h. List the prime factors of k.
3, 5
Let v be -1*0*(-3)/(-6). Suppose 0 = -v*h + h - 3. Suppose h*g + 0*g - 33 = 0. What are the prime factors of g?
11
Suppose -2*c = -2 - 4. Let j = c + 0. Suppose -6*k + j*w = -k - 64, -3*k + 3*w + 42 = 0. List the prime factors of k.
11
Let y = 3 + 1. Suppose -y*h = h - 85. What are the prime factors of h?
17
Let w be (-1 - (-15)/21)*-7. Suppose 5*u = -2*f + 35, 5*f - w = -2*u - u. List the prime factors of u.
3
Let a be 6/15 - 826/(-10). Suppose 0 = y, y + 19 - a = -4*n. List the prime factors of n.
2
Suppose -97 = -3*z + 3*d + 17, 0 = -5*z - 3*d + 174. Suppose i = 5*l - 2 - 5, 0 = -3*i - 4*l + z. What are the prime factors of (0 + 22)*4/i?
11
Let o be (-3)/(6*(-3)/960). Let w be o/(-3)*15/(-10). Suppose -5*g + 0*g = -5*j - 50, -4*g - 4*j + w = 0. List the prime factors of g.
3, 5
Let p(h) = h**3 - 3*h**2 + 3*h - 3. Let d be 4/10 - 13/(-5). What are the prime factors of p(d)?
2, 3
Let a(o) = 2*o + 0*o**3 + 3*o + 10 - 2*o**2 - o**3 - 1. List the prime factors of a(-4).
3, 7
Let j = 118 - 70. What are the prime factors of j?
2, 3
Let j(w) = w + 1. Let v(a) = 2*a**3 + a**2 + 6*a + 3. Let i(h) = 4*j(h) - v(h). What are the prime factors of i(-2)?
17
Suppose 318 = 3*a + 3*l, -4*l - 416 = a - 5*a. What are the prime factors of a?
3, 5, 7
List the prime factors of (-8)/(-3)*675/36.
2, 5
Let s(l) = 6 - 3 + l - 4 + 4. What are the prime factors of s(0)?
3
Let d(v) = v**2 - 4*v - 8. Let x(i) = i**3 - 3*i**2 + 3*i - 3. Let l be x(3). What are the prime factors of d(l)?
2
Suppose 0 = 5*q - 4*q. What are the prime factors of 3 - ((1 - 3) + q)?
5
Let r(z) = -z**3 + 8*z**2 - 7*z - 8. Let s be (-260)/(-36) + (-2)/9. Let y be r(s). Let l = 18 + y. What are the prime factors of l?
2, 5
Suppose -186 = -0*x - 4*x - 5*z, 4 = -2*z. What are the prime factors of x?
7
Let d(m) be the first derivative of 7*m**2/2 - 2*m - 6. What are the prime factors of d(2)?
2, 3
Suppose -2*o + 20 = 2*o. Let k be (0*(3 + -2))/1. Suppose o*f - 33 - 17 = k. List the prime factors of f.
2, 5
Let f = -169 - -306. What are the prime factors of f?
137
Let s = 9 - 4. Let l(x) be the second derivative of x**4/12 - x**3 + 7*x**2/2 + x. List the prime factors of l(s).
2
Suppose 4*c - 6 = -14. What are the prime factors of -2*(-45)/(-12)*c?
3, 5
Let q(j) = -4*j**3 + 2*j**2 + 9*j. List the prime factors of q(-4).
2, 3, 7
Let v be 37/13 - (-8)/52. Suppose -2*b - 2*x + 28 = 0, -5*b - x + 70 = v*x. What are the prime factors of b?
2, 7
Let u(t) be the first derivative of 5*t**4/4 + 2*t**3/3 - t**2 + t + 1. Let w be -3*(-1)/6*2. What are the prime factors of u(w)?
2, 3
Let b(w) be the second derivative of -w**5/20 - 7*w**4/12 - 5*w**3/6 + 4*w**2 + 4*w. Let r = -8 - -2. What are the prime factors of b(r)?
2
Let q(x) = 7*x + 3. List the prime factors of q(2).
17
Let h be (-6)/(-27) + 238/(-18). Let m = h + 5. Let y(q) = -q**2 - 10*q - 2. What are the prime factors of y(m)?
2, 7
What are the prime factors of (153 - -6)*(-1)/(-3)?
53
Suppose -4*f + 2 = -6. Let c = f - 0. Suppose c*z = -z + 24. What are the prime factors of z?
2
Suppose z = 3*m - 40, 2*m = 5*m + 4*z - 65. Suppose -10 = -3*o - 1. Suppose -m = -o*g - 0*g. List the prime factors of g.
5
Suppose 4*p - 150 = -p. Let w = -14 - -32. Let x = p - w. What are the prime factors of x?
2, 3
Let d(w) be the third derivative of 7*w**5/60 + w**4/8 + w**3/6 + w**2. List the prime factors of d(-2).
23
Suppose -2*c - 5*c = -1491. What are the prime factors of c?
3, 71
Suppose 26*a - 474 = 24*a. What are the prime factors of a?
3, 79
Let o(z) = -2*z**3 - 3*z**2 + 2. Let u be o(-2). Let s be 2/u*(-45)/(-3). Suppose -s*p + 0*p = 3*n - 37, 3*p + 73 = 5*n. List the prime factors of n.
2, 7
Let w = 12 + -5. Let o = -4 + w. Suppose 4*c = -g + 29, 3*c + 2*c - 59 = -o*g. What are the prime factors of g?
13
Suppose 3*y - 2*w - 559 = 0, y + 5*w = -0*y + 175. What are the prime factors of y?
5, 37
Let k = -36 + 63. List the prime factors of k.
3
Let l = 10 + -4. Suppose 2*x + 20 = l*x. Suppose -2*f + 84 = x*y, -2*y + 2*f - 6 = -48. List the prime factors of y.
2, 3
Let l = 2 - -2. Let z be (14/4 - 3)*l. Suppose -q = z*t + 1, -2*q + 28 = -2*t - 0*t. What are the prime factors of q?
3
Let r(w) = w**2 + 9*w + 2. Let d be r(-9). Let a = 6 + d. What are the prime factors of a?
2
Let p be 8/((-6)/(-3 + 0)). Suppose -p*d = d + 75. List the prime factors of d*3/((-27)/6).
2, 5
Suppose -161 = -c - 24. What are the prime factors of c?
137
Suppose 2*u - 5*u = -6. Suppose -u*p = 3*o, -3*p + o - 2*o = -14. List the prime factors of p.
2, 3
Suppose -5 = -4*j - j. Let t = j - -30. What are the prime factors of t?
31
Let a = 47 + 17. List the prime factors of a.
2
Suppose -3 = -m - 2. Suppose -7 = -2*n - m. Suppose -4*